{"id":100,"date":"2022-02-02T14:01:07","date_gmt":"2022-02-02T13:01:07","guid":{"rendered":"http:\/\/cirqueetcampagnie.fr\/?page_id=100"},"modified":"2025-07-17T09:07:36","modified_gmt":"2025-07-17T07:07:36","slug":"reglement-interieur","status":"publish","type":"page","link":"https:\/\/cirqueetcampagnie.fr\/index.php\/activites\/reglement-interieur\/","title":{"rendered":"R\u00e8glement int\u00e9rieur"},"content":{"rendered":"\t\t<div data-elementor-type=\"wp-page\" data-elementor-id=\"100\" class=\"elementor elementor-100\">\n\t\t\t\t\t\t<section class=\"elementor-section elementor-top-section elementor-element elementor-element-9fb73b3 elementor-section-boxed elementor-section-height-default elementor-section-height-default\" data-id=\"9fb73b3\" data-element_type=\"section\" data-e-type=\"section\">\n\t\t\t\t\t\t<div class=\"elementor-container elementor-column-gap-default\">\n\t\t\t\t\t<div class=\"elementor-column elementor-col-100 elementor-top-column elementor-element elementor-element-8ce82c9\" data-id=\"8ce82c9\" data-element_type=\"column\" data-e-type=\"column\">\n\t\t\t<div class=\"elementor-widget-wrap elementor-element-populated\">\n\t\t\t\t\t\t<div class=\"elementor-element elementor-element-b24fbc8 elementor-widget elementor-widget-heading\" data-id=\"b24fbc8\" data-element_type=\"widget\" data-e-type=\"widget\" data-widget_type=\"heading.default\">\n\t\t\t\t<div class=\"elementor-widget-container\">\n\t\t\t\t\t<h2 class=\"elementor-heading-title elementor-size-default\">R\u00e8glement int\u00e9rieur<\/h2>\t\t\t\t<\/div>\n\t\t\t\t<\/div>\n\t\t\t\t\t<\/div>\n\t\t<\/div>\n\t\t\t\t\t<\/div>\n\t\t<\/section>\n\t\t\t\t<section class=\"elementor-section elementor-top-section elementor-element elementor-element-048eb45 elementor-section-boxed elementor-section-height-default elementor-section-height-default\" data-id=\"048eb45\" data-element_type=\"section\" data-e-type=\"section\">\n\t\t\t\t\t\t<div class=\"elementor-container elementor-column-gap-default\">\n\t\t\t\t\t<div class=\"elementor-column elementor-col-100 elementor-top-column elementor-element elementor-element-be50134\" data-id=\"be50134\" data-element_type=\"column\" data-e-type=\"column\">\n\t\t\t<div class=\"elementor-widget-wrap elementor-element-populated\">\n\t\t\t\t\t\t<div class=\"elementor-element elementor-element-2a41f48 elementor-widget elementor-widget-text-editor\" data-id=\"2a41f48\" data-element_type=\"widget\" data-e-type=\"widget\" data-widget_type=\"text-editor.default\">\n\t\t\t\t<div class=\"elementor-widget-container\">\n\t\t\t\t\t\t\t\t\t<p><b>R<\/b><b>\u00c8GLEMENT INT\u00c9RIEUR\u00a0 2025 \/ 2026<\/b><\/p><p><b>L\u2019adh\u00e9sion et la licence FFEC (F\u00e9d\u00e9ration fran\u00e7aise des \u00e9coles de cirque) sont obligatoires pour pratiquer les activit\u00e9s des Arts du Cirque au sein de Cirque &amp; cAmpagnie et elles impliquent le respect de ce pr\u00e9sent r\u00e8glement.<\/b><\/p><p><b>Les inscriptions pour les ateliers hebdomadaires sont effectives pour une ann\u00e9e scolaire.<\/b><\/p><p><span style=\"font-weight: 400;\">Ils d\u00e9marrent la 1\u00e8me semaine de septembre et se terminent la derni\u00e8re semaine de juin,\u00a0 ont lieu en dehors des vacances scolaires et jours f\u00e9ri\u00e9s.<\/span><\/p><ul><li style=\"font-weight: 400;\" aria-level=\"1\"><span style=\"font-weight: 400;\">1er trimestre de Septembre aux vacances de No\u00ebl<\/span><\/li><li style=\"font-weight: 400;\" aria-level=\"1\"><span style=\"font-weight: 400;\">2 \u00e8me trimestre de Janvier aux vacances d\u2019hiver<\/span><\/li><li style=\"font-weight: 400;\" aria-level=\"1\"><span style=\"font-weight: 400;\">3 \u00e8me trimestre du retour des vacances de printemps\u00a0 \u00e0 fin juin<\/span><\/li><\/ul><p><span style=\"font-weight: 400;\">Pour des questions d\u2019organisation, il est important de s\u2019inscrire avant toute premi\u00e8re participation m\u00eame s\u2019il s\u2019agit d\u2019un essai &#8211; formulaire en ligne.<\/span><\/p><p><b>Ateliers annuels et\/ou ponctuels<\/b><\/p><p><span style=\"font-weight: 400;\">Merci de respecter les horaires des ateliers pour ne pas perturber la s\u00e9ance ni empi\u00e9ter sur les s\u00e9ances suivantes, les parents ne peuvent pas rester dans la salle d\u2019activit\u00e9s pendant le cours de leur(s) enfant(s).<\/span><\/p><p><span style=\"font-weight: 400;\">Cas particulier ou exceptionnel : le parent peut rester pendant la s\u00e9ance pour accompagner son enfant s&#8217;il a moins de 3 ans ou s&#8217;il pr\u00e9sente un handicap.<\/span><\/p><p><span style=\"font-weight: 400;\">L\u2019association se r\u00e9serve le droit de modifier ou d\u2019annuler les horaires des ateliers en cas de besoin et en informera les parents par e-mail ou autre moyen de communication.<\/span><\/p><p><span style=\"font-weight: 400;\">L\u2019annulation d\u2019une ou de s\u00e9ance(s) ne donne pas lieu \u00e0 un remboursement, m\u00eame partiel.<\/span><\/p><p><span style=\"font-weight: 400;\">L\u2019adh\u00e9rent est inscrit sur un atelier sp\u00e9cifique en d\u00e9but d\u2019ann\u00e9e. Le changement de cr\u00e9neau horaire ne peut se faire qu\u2019en accord avec l\u2019animateur et en fonction des places disponibles. En cas d\u2019absences prolong\u00e9es, il est important de pr\u00e9venir l\u2019association dans les meilleurs d\u00e9lais.<\/span><\/p><p><span style=\"font-weight: 400;\">Les ateliers ne sont pas rembours\u00e9s en cas d\u2019abandon de la part du pratiquant quel qu\u2019en soit le motif.<\/span><\/p><p><span style=\"font-weight: 400;\">Sur pr\u00e9sentation d\u2019un certificat m\u00e9dical justifiant l\u2019arr\u00eat, un avoir \u00e0 hauteur de la dur\u00e9e de l\u2019interruption peut \u00eatre accord\u00e9 exclusivement pour la saison suivante,\u00a0<\/span><\/p><p><span style=\"font-weight: 400;\">L\u2019\u00e9cole de cirque n\u2019est pas responsable des enfants en dehors des heures de leurs ateliers et l\u2019animateur n\u2019assure pas la surveillance \u00e0 l\u2019ext\u00e9rieur de la salle.<\/span><\/p><p><b>Tenue<\/b><\/p><p><span style=\"font-weight: 400;\">Chaque participant devra avoir une paire de chaussures marqu\u00e9es \u00e0 son nom et une tenue vestimentaire adapt\u00e9e (cale\u00e7on, legging, tee-shirt, cheveux attach\u00e9s).<\/span><\/p><p><span style=\"font-weight: 400;\">Les montres, les objets de valeur et les t\u00e9l\u00e9phones portables doivent \u00eatre laiss\u00e9s \u00e0 la maison.<\/span><\/p><p><span style=\"font-weight: 400;\">L\u2019association d\u00e9cline toute responsabilit\u00e9 en cas de perte ou de vol pendant ou en dehors des ateliers.<\/span><\/p><p><span style=\"font-weight: 400;\">Pr\u00e9voir une gourde, une petite bouteille ou un verre marqu\u00e9 \u00e0 son nom\u00a0<\/span><\/p><p><b>Communication<\/b><\/p><p><span style=\"font-weight: 400;\">L\u2019association fera passer les informations (r\u00e9p\u00e9titions, changements exceptionnels d\u2019horaire ou de lieu d\u2019atelier, stages ponctuels, invitations \u00e0 participer aux rencontres r\u00e9gionales, sc\u00e8nes ouvertes\u2026) via l\u2019adresse E-mail que vous indiquerez sur le dossier d\u2019inscription de votre enfant.<\/span><\/p><p><span style=\"font-weight: 400;\">Il est donc de la responsabilit\u00e9 de l\u2019adh\u00e9rent de se tenir inform\u00e9 et d\u2019avertir l\u2019association de tout changement d\u2019adresse.<\/span><\/p><p><b>S\u00e9ance d\u2019essai<\/b><\/p><p><span style=\"font-weight: 400;\">Les nouveaux pratiquants peuvent b\u00e9n\u00e9ficier d\u2019une s\u00e9ance d\u2019essai offerte en d\u00e9but d\u2019ann\u00e9e.<\/span><\/p><p><span style=\"font-weight: 400;\">Il est possible de souscrire \u00e0 un forfait d\u00e9couverte pour les 2 s\u00e9ances suivantes cons\u00e9cutives \u00e0 la premi\u00e8re participation pour 15 \u20ac.<\/span><\/p><p><b>Le dossier d\u2019inscription et le r\u00e8glement doivent \u00eatre finalis\u00e9 avant la s\u00e9ance qui suit la p\u00e9riode d\u2019essai<\/b><\/p><p><b>Dates des s\u00e9ances<\/b><\/p><p><span style=\"font-weight: 400;\">Elles sont accessibles sur cirqueetcampagnie.fr<\/span><\/p><p><b>Spectacle de fin d\u2019ann\u00e9e<\/b><\/p><p><span style=\"font-weight: 400;\">Cirque &amp; cAmpagnie propose de r\u00e9aliser un spectacle de fin d\u2019ann\u00e9e.<\/span><\/p><p><span style=\"font-weight: 400;\">Le jour, l\u2019heure et le lieu exact du spectacle de chaque enfant seront accessibles sur le site.<\/span><\/p><p><b>Le dossier d\u2019inscription\u00a0<\/b><\/p><p><span style=\"font-weight: 400;\">Il comprendra imp\u00e9rativement :<\/span><\/p><ul><li style=\"font-weight: 400;\" aria-level=\"1\"><span style=\"font-weight: 400;\">La fiche d\u2019inscription compl\u00e9t\u00e9e soit en ligne via le formulaire <\/span><a href=\"https:\/\/cirqueetcampagnie.fr\/index.php\/activites\/inscriptionetpaiementcb\/\"><span style=\"font-weight: 400;\">en cliquant ICI <\/span><\/a><span style=\"font-weight: 400;\">\u00a0Etape 1, soit papier recto\/verso sign\u00e9e<\/span><\/li><li style=\"font-weight: 400;\" aria-level=\"1\"><span style=\"font-weight: 400;\">Le paiement complet pour l\u2019ann\u00e9e scolaire m\u00eame si \u00e9chelonnement et tous les justificatifs n\u00e9cessaires.<\/span><\/li><li style=\"font-weight: 400;\" aria-level=\"1\"><span style=\"font-weight: 400;\">L\u2019attestation responsabilit\u00e9 civile<\/span><\/li><li style=\"font-weight: 400;\" aria-level=\"1\"><span style=\"font-weight: 400;\">une photo d\u2019identit\u00e9\u00a0<\/span><\/li><\/ul><p><b>R\u00e8glement des cotisations\u00a0<\/b><\/p><ul><li style=\"font-weight: 400;\" aria-level=\"1\"><span style=\"font-weight: 400;\">CB en ligne via Hello Asso (plateforme s\u00e9curis\u00e9e)<\/span><a href=\"https:\/\/cirqueetcampagnie.fr\/index.php\/activites\/inscriptionetpaiementcb\/\"><span style=\"font-weight: 400;\"> en cliquant ICI <\/span><\/a><span style=\"font-weight: 400;\">\u00a0\u00e9tape 2\u2013 r\u00e8glement possible en 1, 3 ou 12 fois.<\/span><\/li><li style=\"font-weight: 400;\" aria-level=\"1\"><span style=\"font-weight: 400;\">par virement en une fois &#8211; IBAN sur facture<\/span><\/li><li style=\"font-weight: 400;\" aria-level=\"1\"><span style=\"font-weight: 400;\">En esp\u00e8ce au bureau ou aupr\u00e8s de l\u2019animateur \u2013 Merci de faire l\u2019appoint<\/span><\/li><li style=\"font-weight: 400;\" aria-level=\"1\"><span style=\"font-weight: 400;\">Par ch\u00e8que \u00e0 l\u2019ordre de Cirque &amp; cAmpagnie (si \u00e9chelonnement cf. plus bas)<\/span><\/li><li style=\"font-weight: 400;\" aria-level=\"1\"><span style=\"font-weight: 400;\">Carte Cadeau Cirque &amp; cAmpagnie<\/span><\/li><li style=\"font-weight: 400;\" aria-level=\"1\"><span style=\"font-weight: 400;\">Tickets UP Sport et loisirs<\/span><\/li><li style=\"font-weight: 400;\" aria-level=\"1\"><span style=\"font-weight: 400;\">Ch\u00e8ques ANCV\u00a0 (coupons sport et ch\u00e8ques vacances)*<\/span><\/li><\/ul><ul><li style=\"font-weight: 400;\" aria-level=\"1\"><span style=\"font-weight: 400;\">Pass\u2019Club 32 d\u2019un montant de 25\u20ac*\u00a0<\/span><\/li><\/ul><p><span style=\"font-weight: 400;\">*Si vous n\u2019avez pas re\u00e7u vos coupons ANCV ou code Pass\u2019Club 32, au moment de l\u2019inscription, merci de remettre un ch\u00e8que \u00e0 hauteur du montant \u00e9quivalent qui vous sera retourn\u00e9 lors de la r\u00e9gularisation. Sans nouvelle de votre part, il sera encaiss\u00e9 en janvier.<\/span><\/p><p><b>L\u2019adh\u00e9sion individuelle ou familiale<\/b><\/p><ul><li style=\"font-weight: 400;\" aria-level=\"1\"><span style=\"font-weight: 400;\">10 \u20ac \/ personne\u00a0<\/span><\/li><li style=\"font-weight: 400;\" aria-level=\"1\"><span style=\"font-weight: 400;\">17 \u20ac \/ famille\u00a0<\/span><\/li><\/ul><p><span style=\"font-weight: 400;\">Elle est valable du 1er juillet au 30 juin de la saison en cours<\/span><\/p><p><b>La licence FFEC par pratiquant\u00a0<\/b><\/p><p><b>du 1er janvier au 31 d\u00e9cembre 2025<\/b><\/p><ul><li style=\"font-weight: 400;\" aria-level=\"1\"><span style=\"font-weight: 400;\">annuelle : 26.3 \u20ac pour les ateliers hebdomadaires\u00a0<\/span><\/li><li style=\"font-weight: 400;\" aria-level=\"1\"><span style=\"font-weight: 400;\">ponctuelle pour les stages<\/span><ul><li style=\"font-weight: 400;\" aria-level=\"2\"><span style=\"font-weight: 400;\">\u00a01\u20ac pour 2 jours<\/span><\/li><li style=\"font-weight: 400;\" aria-level=\"2\"><span style=\"font-weight: 400;\">\u00a07.6 \u20ac pour 2 semaines cons\u00e9cutives<\/span><\/li><\/ul><\/li><\/ul><p><span style=\"font-weight: 400;\">Elle permet de participer au fonctionnement de la FFEC de la FREC et d\u2019\u00eatre assur\u00e9e lors des ateliers.<\/span><\/p>\t\t\t\t\t\t\t\t<\/div>\n\t\t\t\t<\/div>\n\t\t\t\t\t<\/div>\n\t\t<\/div>\n\t\t\t\t\t<\/div>\n\t\t<\/section>\n\t\t\t\t<\/div>\n\t\t","protected":false},"excerpt":{"rendered":"<p>R\u00e8glement int\u00e9rieur R\u00c8GLEMENT INT\u00c9RIEUR\u00a0 2025 \/ 2026 L\u2019adh\u00e9sion et la licence FFEC (F\u00e9d\u00e9ration fran\u00e7aise des \u00e9coles de cirque) sont obligatoires pour pratiquer les activit\u00e9s des Arts du Cirque au sein de Cirque &amp; cAmpagnie et elles impliquent le respect de ce pr\u00e9sent r\u00e8glement. Les inscriptions pour les ateliers hebdomadaires sont effectives pour une ann\u00e9e scolaire. [&hellip;]<\/p>\n","protected":false},"author":1,"featured_media":0,"parent":160,"menu_order":0,"comment_status":"closed","ping_status":"closed","template":"","meta":{"ocean_post_layout":"","ocean_both_sidebars_style":"","ocean_both_sidebars_content_width":0,"ocean_both_sidebars_sidebars_width":0,"ocean_sidebar":"0","ocean_second_sidebar":"0","ocean_disable_margins":"enable","ocean_add_body_class":"","ocean_shortcode_before_top_bar":"","ocean_shortcode_after_top_bar":"","ocean_shortcode_before_header":"","ocean_shortcode_after_header":"","ocean_has_shortcode":"","ocean_shortcode_after_title":"","ocean_shortcode_before_footer_widgets":"","ocean_shortcode_after_footer_widgets":"","ocean_shortcode_before_footer_bottom":"","ocean_shortcode_after_footer_bottom":"","ocean_display_top_bar":"default","ocean_display_header":"default","ocean_header_style":"","ocean_center_header_left_menu":"0","ocean_custom_header_template":"0","ocean_custom_logo":0,"ocean_custom_retina_logo":0,"ocean_custom_logo_max_width":0,"ocean_custom_logo_tablet_max_width":0,"ocean_custom_logo_mobile_max_width":0,"ocean_custom_logo_max_height":0,"ocean_custom_logo_tablet_max_height":0,"ocean_custom_logo_mobile_max_height":0,"ocean_header_custom_menu":"0","ocean_menu_typo_font_family":"0","ocean_menu_typo_font_subset":"","ocean_menu_typo_font_size":0,"ocean_menu_typo_font_size_tablet":0,"ocean_menu_typo_font_size_mobile":0,"ocean_menu_typo_font_size_unit":"px","ocean_menu_typo_font_weight":"","ocean_menu_typo_font_weight_tablet":"","ocean_menu_typo_font_weight_mobile":"","ocean_menu_typo_transform":"","ocean_menu_typo_transform_tablet":"","ocean_menu_typo_transform_mobile":"","ocean_menu_typo_line_height":0,"ocean_menu_typo_line_height_tablet":0,"ocean_menu_typo_line_height_mobile":0,"ocean_menu_typo_line_height_unit":"","ocean_menu_typo_spacing":0,"ocean_menu_typo_spacing_tablet":0,"ocean_menu_typo_spacing_mobile":0,"ocean_menu_typo_spacing_unit":"","ocean_menu_link_color":"","ocean_menu_link_color_hover":"","ocean_menu_link_color_active":"","ocean_menu_link_background":"","ocean_menu_link_hover_background":"","ocean_menu_link_active_background":"","ocean_menu_social_links_bg":"","ocean_menu_social_hover_links_bg":"","ocean_menu_social_links_color":"","ocean_menu_social_hover_links_color":"","ocean_disable_title":"default","ocean_disable_heading":"default","ocean_post_title":"","ocean_post_subheading":"","ocean_post_title_style":"","ocean_post_title_background_color":"","ocean_post_title_background":0,"ocean_post_title_bg_image_position":"","ocean_post_title_bg_image_attachment":"","ocean_post_title_bg_image_repeat":"","ocean_post_title_bg_image_size":"","ocean_post_title_height":0,"ocean_post_title_bg_overlay":0.5,"ocean_post_title_bg_overlay_color":"","ocean_disable_breadcrumbs":"default","ocean_breadcrumbs_color":"","ocean_breadcrumbs_separator_color":"","ocean_breadcrumbs_links_color":"","ocean_breadcrumbs_links_hover_color":"","ocean_display_footer_widgets":"default","ocean_display_footer_bottom":"default","ocean_custom_footer_template":"0","_mc_calendar":[],"footnotes":""},"class_list":["post-100","page","type-page","status-publish","hentry","entry","owp-thumbs-layout-horizontal","owp-btn-normal","owp-tabs-layout-horizontal","has-no-thumbnails","has-product-nav"],"_links":{"self":[{"href":"https:\/\/cirqueetcampagnie.fr\/index.php\/wp-json\/wp\/v2\/pages\/100","targetHints":{"allow":["GET"]}}],"collection":[{"href":"https:\/\/cirqueetcampagnie.fr\/index.php\/wp-json\/wp\/v2\/pages"}],"about":[{"href":"https:\/\/cirqueetcampagnie.fr\/index.php\/wp-json\/wp\/v2\/types\/page"}],"author":[{"embeddable":true,"href":"https:\/\/cirqueetcampagnie.fr\/index.php\/wp-json\/wp\/v2\/users\/1"}],"replies":[{"embeddable":true,"href":"https:\/\/cirqueetcampagnie.fr\/index.php\/wp-json\/wp\/v2\/comments?post=100"}],"version-history":[{"count":56,"href":"https:\/\/cirqueetcampagnie.fr\/index.php\/wp-json\/wp\/v2\/pages\/100\/revisions"}],"predecessor-version":[{"id":5185,"href":"https:\/\/cirqueetcampagnie.fr\/index.php\/wp-json\/wp\/v2\/pages\/100\/revisions\/5185"}],"up":[{"embeddable":true,"href":"https:\/\/cirqueetcampagnie.fr\/index.php\/wp-json\/wp\/v2\/pages\/160"}],"wp:attachment":[{"href":"https:\/\/cirqueetcampagnie.fr\/index.php\/wp-json\/wp\/v2\/media?parent=100"}],"curies":[{"name":"wp","href":"https:\/\/api.w.org\/{rel}","templated":true}]}}