{"id":4796,"date":"2025-01-27T15:52:38","date_gmt":"2025-01-27T14:52:38","guid":{"rendered":"https:\/\/cirqueetcampagnie.fr\/?page_id=4796"},"modified":"2025-01-27T16:06:05","modified_gmt":"2025-01-27T15:06:05","slug":"les-valeurs","status":"publish","type":"page","link":"https:\/\/cirqueetcampagnie.fr\/index.php\/les-valeurs\/","title":{"rendered":"Les Valeurs"},"content":{"rendered":"\t\t<div data-elementor-type=\"wp-page\" data-elementor-id=\"4796\" class=\"elementor elementor-4796\">\n\t\t\t\t\t\t<section class=\"elementor-section elementor-top-section elementor-element elementor-element-e15217f elementor-section-boxed elementor-section-height-default elementor-section-height-default\" data-id=\"e15217f\" data-element_type=\"section\" data-e-type=\"section\">\n\t\t\t\t\t\t<div class=\"elementor-container elementor-column-gap-default\">\n\t\t\t\t\t<div class=\"elementor-column elementor-col-100 elementor-top-column elementor-element elementor-element-1112efa\" data-id=\"1112efa\" data-element_type=\"column\" data-e-type=\"column\">\n\t\t\t<div class=\"elementor-widget-wrap elementor-element-populated\">\n\t\t\t\t\t\t<div class=\"elementor-element elementor-element-6c78e66 elementor-widget elementor-widget-heading\" data-id=\"6c78e66\" data-element_type=\"widget\" data-e-type=\"widget\" data-widget_type=\"heading.default\">\n\t\t\t\t<div class=\"elementor-widget-container\">\n\t\t\t\t\t<h2 class=\"elementor-heading-title elementor-size-default\">Valeurs de Cirque &amp; cAmpagnie<\/h2>\t\t\t\t<\/div>\n\t\t\t\t<\/div>\n\t\t\t\t\t<\/div>\n\t\t<\/div>\n\t\t\t\t\t<\/div>\n\t\t<\/section>\n\t\t\t\t<section class=\"elementor-section elementor-top-section elementor-element elementor-element-3753681 elementor-section-boxed elementor-section-height-default elementor-section-height-default\" data-id=\"3753681\" data-element_type=\"section\" data-e-type=\"section\">\n\t\t\t\t\t\t<div class=\"elementor-container elementor-column-gap-default\">\n\t\t\t\t\t<div class=\"elementor-column elementor-col-100 elementor-top-column elementor-element elementor-element-298115f\" data-id=\"298115f\" data-element_type=\"column\" data-e-type=\"column\">\n\t\t\t<div class=\"elementor-widget-wrap elementor-element-populated\">\n\t\t\t\t\t\t<div class=\"elementor-element elementor-element-73a94eb elementor-widget elementor-widget-text-editor\" data-id=\"73a94eb\" data-element_type=\"widget\" data-e-type=\"widget\" data-widget_type=\"text-editor.default\">\n\t\t\t\t<div class=\"elementor-widget-container\">\n\t\t\t\t\t\t\t\t\t<p><span style=\"font-size: 14px; font-weight: 400;\">Nous sommes <\/span><b style=\"font-size: 14px;\">une \u00e9cole des Arts du Cirque itin\u00e9rante<\/b><span style=\"font-size: 14px; font-weight: 400;\"> agissant au c\u0153ur d\u2019un territoire rural avec toutes ces contraintes (d\u2019accessibilit\u00e9, de transport, de d\u00e9sertification, de locaux partag\u00e9s\u2026 qui n\u00e9cessitent le soutien de nos collectivit\u00e9s au niveau fonctionnement et investissement, les disponibilit\u00e9s du public&#8230;)<\/span><\/p><p><span style=\"font-weight: 400;\">Notre ADN repose sur les principes suivants :<\/span><\/p>\t\t\t\t\t\t\t\t<\/div>\n\t\t\t\t<\/div>\n\t\t\t\t<div class=\"elementor-element elementor-element-cae6e36 elementor-widget elementor-widget-toggle\" data-id=\"cae6e36\" data-element_type=\"widget\" data-e-type=\"widget\" data-widget_type=\"toggle.default\">\n\t\t\t\t<div class=\"elementor-widget-container\">\n\t\t\t\t\t\t\t<div class=\"elementor-toggle\">\n\t\t\t\t\t\t\t<div class=\"elementor-toggle-item\">\n\t\t\t\t\t<div id=\"elementor-tab-title-2121\" class=\"elementor-tab-title\" data-tab=\"1\" role=\"button\" aria-controls=\"elementor-tab-content-2121\" aria-expanded=\"false\">\n\t\t\t\t\t\t\t\t\t\t\t\t<span class=\"elementor-toggle-icon elementor-toggle-icon-left\" aria-hidden=\"true\">\n\t\t\t\t\t\t\t\t\t\t\t\t\t\t\t<span class=\"elementor-toggle-icon-closed\"><i class=\"fas fa-caret-right\"><\/i><\/span>\n\t\t\t\t\t\t\t\t<span class=\"elementor-toggle-icon-opened\"><i class=\"elementor-toggle-icon-opened fas fa-caret-up\"><\/i><\/span>\n\t\t\t\t\t\t\t\t\t\t\t\t\t<\/span>\n\t\t\t\t\t\t\t\t\t\t\t\t<a class=\"elementor-toggle-title\" tabindex=\"0\">La Bienveillance<\/a>\n\t\t\t\t\t<\/div>\n\n\t\t\t\t\t<div id=\"elementor-tab-content-2121\" class=\"elementor-tab-content elementor-clearfix\" data-tab=\"1\" role=\"region\" aria-labelledby=\"elementor-tab-title-2121\"><p><span style=\"font-weight: 400;\">Capacit\u00e9 \u00e0 se montrer indulgent, gentil et attentionn\u00e9 envers autrui d&#8217;une mani\u00e8re d\u00e9sint\u00e9ress\u00e9e et compr\u00e9hensive,\u00a0 de bien comprendre l\u2019autre, \u00e9viter de le mettre mal \u00e0 l\u2019aise , de respecter ses choix, se mettre \u00e0 sa place, \u00eatre ouvert au dialogue, \u00eatre \u00e0 l&#8217;\u00e9coute, \u00eatre compr\u00e9hensif, et vouloir faire le bien.\u00a0<\/span><\/p><\/div>\n\t\t\t\t<\/div>\n\t\t\t\t\t\t\t<div class=\"elementor-toggle-item\">\n\t\t\t\t\t<div id=\"elementor-tab-title-2122\" class=\"elementor-tab-title\" data-tab=\"2\" role=\"button\" aria-controls=\"elementor-tab-content-2122\" aria-expanded=\"false\">\n\t\t\t\t\t\t\t\t\t\t\t\t<span class=\"elementor-toggle-icon elementor-toggle-icon-left\" aria-hidden=\"true\">\n\t\t\t\t\t\t\t\t\t\t\t\t\t\t\t<span class=\"elementor-toggle-icon-closed\"><i class=\"fas fa-caret-right\"><\/i><\/span>\n\t\t\t\t\t\t\t\t<span class=\"elementor-toggle-icon-opened\"><i class=\"elementor-toggle-icon-opened fas fa-caret-up\"><\/i><\/span>\n\t\t\t\t\t\t\t\t\t\t\t\t\t<\/span>\n\t\t\t\t\t\t\t\t\t\t\t\t<a class=\"elementor-toggle-title\" tabindex=\"0\">Le respect<\/a>\n\t\t\t\t\t<\/div>\n\n\t\t\t\t\t<div id=\"elementor-tab-content-2122\" class=\"elementor-tab-content elementor-clearfix\" data-tab=\"2\" role=\"region\" aria-labelledby=\"elementor-tab-title-2122\"><p><span style=\"font-weight: 400;\">Le respect est\u00a0une valeur plus profonde que la simple politesse, car il est d\u00e9barrass\u00e9 de toute hypocrisie. Le respect mutuel constitue l&#8217;un des fondements de la paix sociale et des relations interpersonnelles. Le respect suppose une compr\u00e9hension et un partage des valeurs d&#8217;une personne ou d&#8217;une id\u00e9e.\u00a0<\/span><\/p><p><span style=\"font-weight: 400;\">Dans notre \u00e9cole, le respect est tr\u00e8s important qu\u2019il s\u2019agisse du respect de soi, du respect des autres, du respect\u00a0 du mat\u00e9riel et des locaux.<\/span><\/p><p><span style=\"font-weight: 400;\">Les 5\u00a0r\u00e8gles\u00a0indispensables pour inspirer le\u00a0respect<\/span><\/p><ul><li style=\"font-weight: 400;\" aria-level=\"1\"><span style=\"font-weight: 400;\">Montrer aux autres que vous vous respectez.<\/span><\/li><li style=\"font-weight: 400;\" aria-level=\"1\"><span style=\"font-weight: 400;\">Fixer des limites claires aux autres.<\/span><\/li><li style=\"font-weight: 400;\" aria-level=\"1\"><span style=\"font-weight: 400;\">Faire entendre sa voix.<\/span><\/li><li style=\"font-weight: 400;\" aria-level=\"1\"><span style=\"font-weight: 400;\">Respecter les autres.<\/span><\/li><\/ul><\/div>\n\t\t\t\t<\/div>\n\t\t\t\t\t\t\t<div class=\"elementor-toggle-item\">\n\t\t\t\t\t<div id=\"elementor-tab-title-2123\" class=\"elementor-tab-title\" data-tab=\"3\" role=\"button\" aria-controls=\"elementor-tab-content-2123\" aria-expanded=\"false\">\n\t\t\t\t\t\t\t\t\t\t\t\t<span class=\"elementor-toggle-icon elementor-toggle-icon-left\" aria-hidden=\"true\">\n\t\t\t\t\t\t\t\t\t\t\t\t\t\t\t<span class=\"elementor-toggle-icon-closed\"><i class=\"fas fa-caret-right\"><\/i><\/span>\n\t\t\t\t\t\t\t\t<span class=\"elementor-toggle-icon-opened\"><i class=\"elementor-toggle-icon-opened fas fa-caret-up\"><\/i><\/span>\n\t\t\t\t\t\t\t\t\t\t\t\t\t<\/span>\n\t\t\t\t\t\t\t\t\t\t\t\t<a class=\"elementor-toggle-title\" tabindex=\"0\">La coop\u00e9ration<\/a>\n\t\t\t\t\t<\/div>\n\n\t\t\t\t\t<div id=\"elementor-tab-content-2123\" class=\"elementor-tab-content elementor-clearfix\" data-tab=\"3\" role=\"region\" aria-labelledby=\"elementor-tab-title-2123\"><p><span style=\"font-weight: 400;\">Dans l\u2019aide pour installer, d\u00e9sinstaller, ranger, l\u2019entraide et l\u2019encouragement en activit\u00e9.<\/span><\/p><\/div>\n\t\t\t\t<\/div>\n\t\t\t\t\t\t\t<div class=\"elementor-toggle-item\">\n\t\t\t\t\t<div id=\"elementor-tab-title-2124\" class=\"elementor-tab-title\" data-tab=\"4\" role=\"button\" aria-controls=\"elementor-tab-content-2124\" aria-expanded=\"false\">\n\t\t\t\t\t\t\t\t\t\t\t\t<span class=\"elementor-toggle-icon elementor-toggle-icon-left\" aria-hidden=\"true\">\n\t\t\t\t\t\t\t\t\t\t\t\t\t\t\t<span class=\"elementor-toggle-icon-closed\"><i class=\"fas fa-caret-right\"><\/i><\/span>\n\t\t\t\t\t\t\t\t<span class=\"elementor-toggle-icon-opened\"><i class=\"elementor-toggle-icon-opened fas fa-caret-up\"><\/i><\/span>\n\t\t\t\t\t\t\t\t\t\t\t\t\t<\/span>\n\t\t\t\t\t\t\t\t\t\t\t\t<a class=\"elementor-toggle-title\" tabindex=\"0\">La discipline<\/a>\n\t\t\t\t\t<\/div>\n\n\t\t\t\t\t<div id=\"elementor-tab-content-2124\" class=\"elementor-tab-content elementor-clearfix\" data-tab=\"4\" role=\"region\" aria-labelledby=\"elementor-tab-title-2124\"><p><span style=\"font-weight: 400;\">Le respect des r\u00e8gles est essentiel pour la pratique harmonieuse de l&#8217;activit\u00e9. Cela passe par l\u2019\u00e9coute, le respect des r\u00e8gles, la ponctualit\u00e9, l\u2019assiduit\u00e9, etc. ..\u00a0<\/span><\/p><p><span style=\"font-weight: 400;\">Elle est souvent consid\u00e9r\u00e9e comme une caract\u00e9ristique personnelle difficile \u00e0 d\u00e9velopper. Pourtant, la discipline n&#8217;est pas seulement une question de volont\u00e9 ou de motivation, elle est plut\u00f4t le r\u00e9sultat de la somme de nos valeurs et de notre vision.<\/span><\/p><\/div>\n\t\t\t\t<\/div>\n\t\t\t\t\t\t\t<div class=\"elementor-toggle-item\">\n\t\t\t\t\t<div id=\"elementor-tab-title-2125\" class=\"elementor-tab-title\" data-tab=\"5\" role=\"button\" aria-controls=\"elementor-tab-content-2125\" aria-expanded=\"false\">\n\t\t\t\t\t\t\t\t\t\t\t\t<span class=\"elementor-toggle-icon elementor-toggle-icon-left\" aria-hidden=\"true\">\n\t\t\t\t\t\t\t\t\t\t\t\t\t\t\t<span class=\"elementor-toggle-icon-closed\"><i class=\"fas fa-caret-right\"><\/i><\/span>\n\t\t\t\t\t\t\t\t<span class=\"elementor-toggle-icon-opened\"><i class=\"elementor-toggle-icon-opened fas fa-caret-up\"><\/i><\/span>\n\t\t\t\t\t\t\t\t\t\t\t\t\t<\/span>\n\t\t\t\t\t\t\t\t\t\t\t\t<a class=\"elementor-toggle-title\" tabindex=\"0\">L'\u00e9quit\u00e9<\/a>\n\t\t\t\t\t<\/div>\n\n\t\t\t\t\t<div id=\"elementor-tab-content-2125\" class=\"elementor-tab-content elementor-clearfix\" data-tab=\"5\" role=\"region\" aria-labelledby=\"elementor-tab-title-2125\"><p><span style=\"font-weight: 400;\">Entre une personne qui a des facilit\u00e9s pour apprendre ou \u00eatre avec les autres et les personnes qui ont besoin d\u2019un accompagnement plus important<\/span><\/p><\/div>\n\t\t\t\t<\/div>\n\t\t\t\t\t\t\t<div class=\"elementor-toggle-item\">\n\t\t\t\t\t<div id=\"elementor-tab-title-2126\" class=\"elementor-tab-title\" data-tab=\"6\" role=\"button\" aria-controls=\"elementor-tab-content-2126\" aria-expanded=\"false\">\n\t\t\t\t\t\t\t\t\t\t\t\t<span class=\"elementor-toggle-icon elementor-toggle-icon-left\" aria-hidden=\"true\">\n\t\t\t\t\t\t\t\t\t\t\t\t\t\t\t<span class=\"elementor-toggle-icon-closed\"><i class=\"fas fa-caret-right\"><\/i><\/span>\n\t\t\t\t\t\t\t\t<span class=\"elementor-toggle-icon-opened\"><i class=\"elementor-toggle-icon-opened fas fa-caret-up\"><\/i><\/span>\n\t\t\t\t\t\t\t\t\t\t\t\t\t<\/span>\n\t\t\t\t\t\t\t\t\t\t\t\t<a class=\"elementor-toggle-title\" tabindex=\"0\">La Tol\u00e9rance<\/a>\n\t\t\t\t\t<\/div>\n\n\t\t\t\t\t<div id=\"elementor-tab-content-2126\" class=\"elementor-tab-content elementor-clearfix\" data-tab=\"6\" role=\"region\" aria-labelledby=\"elementor-tab-title-2126\"><p><span style=\"font-weight: 400;\">Accepter la diff\u00e9rence des autres et leur opinion, leur mani\u00e8re diff\u00e9rente de penser ou de vivre. Latitude laiss\u00e9e \u00e0 quelqu&#8217;un d&#8217;aller dans certains cas contre une loi, un r\u00e8glement.<\/span><\/p><\/div>\n\t\t\t\t<\/div>\n\t\t\t\t\t\t\t\t<\/div>\n\t\t\t\t\t\t<\/div>\n\t\t\t\t<\/div>\n\t\t\t\t\t<\/div>\n\t\t<\/div>\n\t\t\t\t\t<\/div>\n\t\t<\/section>\n\t\t\t\t<section class=\"elementor-section elementor-top-section elementor-element elementor-element-7ec4434 elementor-section-boxed elementor-section-height-default elementor-section-height-default\" data-id=\"7ec4434\" data-element_type=\"section\" data-e-type=\"section\">\n\t\t\t\t\t\t<div class=\"elementor-container elementor-column-gap-default\">\n\t\t\t\t\t<div class=\"elementor-column elementor-col-100 elementor-top-column elementor-element elementor-element-2b0446f\" data-id=\"2b0446f\" data-element_type=\"column\" data-e-type=\"column\">\n\t\t\t<div class=\"elementor-widget-wrap elementor-element-populated\">\n\t\t\t\t\t\t<div class=\"elementor-element elementor-element-4a0722b elementor-widget elementor-widget-heading\" data-id=\"4a0722b\" data-element_type=\"widget\" data-e-type=\"widget\" data-widget_type=\"heading.default\">\n\t\t\t\t<div class=\"elementor-widget-container\">\n\t\t\t\t\t<h2 class=\"elementor-heading-title elementor-size-default\">Mise en oeuvre de nos valeurs au sein de nos activit\u00e9s<\/h2>\t\t\t\t<\/div>\n\t\t\t\t<\/div>\n\t\t\t\t<div class=\"elementor-element elementor-element-237d206 elementor-widget elementor-widget-text-editor\" data-id=\"237d206\" data-element_type=\"widget\" data-e-type=\"widget\" data-widget_type=\"text-editor.default\">\n\t\t\t\t<div class=\"elementor-widget-container\">\n\t\t\t\t\t\t\t\t\t<p>\u00a0<b><\/b><span style=\"font-weight: 400;\">Ces valeurs que l\u2019on porte impr\u00e8gnent notre fonctionnement et dictent notre m\u00e9thode de travail.<\/span><\/p><p><span style=\"font-weight: 400;\">Les apprentissages\u00a0 physiques li\u00e9e \u00e0 la motricit\u00e9, et psychiques li\u00e9e aux \u00e9motions\u00a0<\/span><\/p><p><span style=\"font-weight: 400;\">Chacun de nous dispose de capacit\u00e9s diff\u00e9rentes, (physiques, mentales, d\u2019assimilation\u2026)\u00a0<\/span><\/p><p><span style=\"font-weight: 400;\">Notre \u00e9cole des arts du cirque prend en consid\u00e9ration ces diff\u00e9rences et ne se limite pas seulement \u00e0 des apprentissages techniques.<\/span><\/p><p><b>Etape 1 : D\u00e9tecter les potentialit\u00e9s<\/b><\/p><p><span style=\"font-weight: 400;\">L\u2019accompagnement de nos participants sur diff\u00e9rents apprentissages commence par une connaissance du groupe et de ses individualit\u00e9s, afin de pouvoir d\u00e9celer leur potentiel\u00a0 et les limites de chacun (ces limites pouvant \u00eatre physiques, psychologiques et\/ou sociales)<\/span><\/p><p><b>\u00c9tape 2\u00a0: \u00c9laborer des projets et objectifs individuels et collectifs\u00a0<\/b><\/p><p><span style=\"font-weight: 400;\">Cette \u00e9laboration n\u00e9cessite des moyens d\u2019\u00e9valuation\u00a0: en Autonomie,\u00a0 par s\u00e9ance, par cycle, par groupe, qui permet de faire le point avant d\u2019acc\u00e9der \u00e0 des nouveaux apprentissages.<\/span><\/p><p><span style=\"font-weight: 400;\">Il est important de rendre les participants <\/span><b>acteurs<\/b><span style=\"font-weight: 400;\"> pour que la construction des diff\u00e9rents apprentissages ne soit pas unidirectionnelle mais plut\u00f4t interactive (notion de va et vient entre le participant et l\u2019animateur).<\/span><\/p><p><span style=\"font-weight: 400;\">Le processus d\u2019apprentissage\u00a0 s\u2019appuie sur la compr\u00e9hension, l\u2019interpr\u00e9tation et la mise en action du participant, pour que l\u2019apprentissage ne soit pas que par mim\u00e9tisme qui d\u00e9veloppe une inhibition, non plus par r\u00e9p\u00e9tition\u00a0 ou conditionnement. Notre but final est d\u2019amener \u00e0 une r\u00e9flexion pour un maximum de perception de l\u2019enfant,\u00a0 afin de le conduire vers<\/span><b> l\u2019autonomie d\u2019action<\/b><span style=\"font-weight: 400;\">, qui am\u00e8ne \u00e0 la confiance en soi, l\u2019\u00e9panouissement, la motivation et le plaisir dans la pratique de toute activit\u00e9.<\/span><\/p><p><span style=\"font-weight: 400;\">Cette vision de l\u2019apprentissage a un\u00a0 impact\u00a0 sur tous les niveaux du d\u00e9veloppement de l\u2019enfant : moteur,\u00a0 \u00e9motionnel, scolaire, social\u2026.\u00a0\u00a0\u00a0\u00a0\u00a0\u00a0\u00a0<\/span><\/p>\t\t\t\t\t\t\t\t<\/div>\n\t\t\t\t<\/div>\n\t\t\t\t\t<\/div>\n\t\t<\/div>\n\t\t\t\t\t<\/div>\n\t\t<\/section>\n\t\t\t\t<section class=\"elementor-section elementor-top-section elementor-element elementor-element-391c83b elementor-section-boxed elementor-section-height-default elementor-section-height-default\" data-id=\"391c83b\" data-element_type=\"section\" data-e-type=\"section\">\n\t\t\t\t\t\t<div class=\"elementor-container elementor-column-gap-default\">\n\t\t\t\t\t<div class=\"elementor-column elementor-col-100 elementor-top-column elementor-element elementor-element-a88e154\" data-id=\"a88e154\" data-element_type=\"column\" data-e-type=\"column\">\n\t\t\t<div class=\"elementor-widget-wrap\">\n\t\t\t\t\t\t\t<\/div>\n\t\t<\/div>\n\t\t\t\t\t<\/div>\n\t\t<\/section>\n\t\t\t\t<\/div>\n\t\t","protected":false},"excerpt":{"rendered":"<p>Valeurs de Cirque &amp; cAmpagnie Nous sommes une \u00e9cole des Arts du Cirque itin\u00e9rante agissant au c\u0153ur d\u2019un territoire rural avec toutes ces contraintes (d\u2019accessibilit\u00e9, de transport, de d\u00e9sertification, de locaux partag\u00e9s\u2026 qui n\u00e9cessitent le soutien de nos collectivit\u00e9s au niveau fonctionnement et investissement, les disponibilit\u00e9s du public&#8230;) Notre ADN repose sur les principes suivants [&hellip;]<\/p>\n","protected":false},"author":1,"featured_media":0,"parent":0,"menu_order":0,"comment_status":"closed","ping_status":"closed","template":"","meta":{"ocean_post_layout":"","ocean_both_sidebars_style":"","ocean_both_sidebars_content_width":0,"ocean_both_sidebars_sidebars_width":0,"ocean_sidebar":"","ocean_second_sidebar":"","ocean_disable_margins":"enable","ocean_add_body_class":"","ocean_shortcode_before_top_bar":"","ocean_shortcode_after_top_bar":"","ocean_shortcode_before_header":"","ocean_shortcode_after_header":"","ocean_has_shortcode":"","ocean_shortcode_after_title":"","ocean_shortcode_before_footer_widgets":"","ocean_shortcode_after_footer_widgets":"","ocean_shortcode_before_footer_bottom":"","ocean_shortcode_after_footer_bottom":"","ocean_display_top_bar":"default","ocean_display_header":"default","ocean_header_style":"","ocean_center_header_left_menu":"","ocean_custom_header_template":"","ocean_custom_logo":0,"ocean_custom_retina_logo":0,"ocean_custom_logo_max_width":0,"ocean_custom_logo_tablet_max_width":0,"ocean_custom_logo_mobile_max_width":0,"ocean_custom_logo_max_height":0,"ocean_custom_logo_tablet_max_height":0,"ocean_custom_logo_mobile_max_height":0,"ocean_header_custom_menu":"","ocean_menu_typo_font_family":"","ocean_menu_typo_font_subset":"","ocean_menu_typo_font_size":0,"ocean_menu_typo_font_size_tablet":0,"ocean_menu_typo_font_size_mobile":0,"ocean_menu_typo_font_size_unit":"px","ocean_menu_typo_font_weight":"","ocean_menu_typo_font_weight_tablet":"","ocean_menu_typo_font_weight_mobile":"","ocean_menu_typo_transform":"","ocean_menu_typo_transform_tablet":"","ocean_menu_typo_transform_mobile":"","ocean_menu_typo_line_height":0,"ocean_menu_typo_line_height_tablet":0,"ocean_menu_typo_line_height_mobile":0,"ocean_menu_typo_line_height_unit":"","ocean_menu_typo_spacing":0,"ocean_menu_typo_spacing_tablet":0,"ocean_menu_typo_spacing_mobile":0,"ocean_menu_typo_spacing_unit":"","ocean_menu_link_color":"","ocean_menu_link_color_hover":"","ocean_menu_link_color_active":"","ocean_menu_link_background":"","ocean_menu_link_hover_background":"","ocean_menu_link_active_background":"","ocean_menu_social_links_bg":"","ocean_menu_social_hover_links_bg":"","ocean_menu_social_links_color":"","ocean_menu_social_hover_links_color":"","ocean_disable_title":"default","ocean_disable_heading":"default","ocean_post_title":"","ocean_post_subheading":"","ocean_post_title_style":"","ocean_post_title_background_color":"","ocean_post_title_background":0,"ocean_post_title_bg_image_position":"","ocean_post_title_bg_image_attachment":"","ocean_post_title_bg_image_repeat":"","ocean_post_title_bg_image_size":"","ocean_post_title_height":0,"ocean_post_title_bg_overlay":0.5,"ocean_post_title_bg_overlay_color":"","ocean_disable_breadcrumbs":"default","ocean_breadcrumbs_color":"","ocean_breadcrumbs_separator_color":"","ocean_breadcrumbs_links_color":"","ocean_breadcrumbs_links_hover_color":"","ocean_display_footer_widgets":"default","ocean_display_footer_bottom":"default","ocean_custom_footer_template":"","_mc_calendar":[],"footnotes":""},"class_list":["post-4796","page","type-page","status-publish","hentry","entry","owp-thumbs-layout-horizontal","owp-btn-normal","owp-tabs-layout-horizontal","has-no-thumbnails","has-product-nav"],"_links":{"self":[{"href":"https:\/\/cirqueetcampagnie.fr\/index.php\/wp-json\/wp\/v2\/pages\/4796","targetHints":{"allow":["GET"]}}],"collection":[{"href":"https:\/\/cirqueetcampagnie.fr\/index.php\/wp-json\/wp\/v2\/pages"}],"about":[{"href":"https:\/\/cirqueetcampagnie.fr\/index.php\/wp-json\/wp\/v2\/types\/page"}],"author":[{"embeddable":true,"href":"https:\/\/cirqueetcampagnie.fr\/index.php\/wp-json\/wp\/v2\/users\/1"}],"replies":[{"embeddable":true,"href":"https:\/\/cirqueetcampagnie.fr\/index.php\/wp-json\/wp\/v2\/comments?post=4796"}],"version-history":[{"count":7,"href":"https:\/\/cirqueetcampagnie.fr\/index.php\/wp-json\/wp\/v2\/pages\/4796\/revisions"}],"predecessor-version":[{"id":4804,"href":"https:\/\/cirqueetcampagnie.fr\/index.php\/wp-json\/wp\/v2\/pages\/4796\/revisions\/4804"}],"wp:attachment":[{"href":"https:\/\/cirqueetcampagnie.fr\/index.php\/wp-json\/wp\/v2\/media?parent=4796"}],"curies":[{"name":"wp","href":"https:\/\/api.w.org\/{rel}","templated":true}]}}